e 9, what is -33 + -16?
-50
In base 12, what is -9 - -15?
8
In base 15, what is -400 - 5?
-405
In base 8, what is -1571 + 2?
-1567
In base 5, what is -202 - -131?
-21
In base 11, what is 1 + 2a3?
2a4
In base 10, what is -113 + 36?
-77
In base 15, what is 5 + -22b?
-226
In base 16, what is 341 + 14?
355
In base 4, what is -112 + 31?
-21
In base 7, what is -43 - 2?
-45
In base 12, what is 4 - 37?
-33
In base 12, what is -7 - -2?
-5
In base 8, what is -4317 + -2?
-4321
In base 4, what is 3000 + 1000?
10000
In base 13, what is 199 - -2?
19b
In base 2, what is -10101 - -1011?
-1010
In base 8, what is -50 + -25?
-75
In base 16, what is -365 + -e?
-373
In base 4, what is 3 + 1210?
1213
In base 6, what is 113 + -5?
104
In base 15, what is -1 - 40?
-41
In base 11, what is -125 - 1?
-126
In base 15, what is -57b3 - 5?
-57b8
In base 2, what is 11 + -101001110110?
-101001110011
In base 14, what is 45 - -21?
66
In base 8, what is -7 + -40?
-47
In base 8, what is 1343 - -1?
1344
In base 9, what is 1 + 1114?
1115
In base 5, what is 3 + -102?
-44
In base 15, what is -4 - -192?
18d
In base 4, what is 2 + -1323?
-1321
In base 14, what is 10 + 59?
69
In base 2, what is 100110011 - -110?
100111001
In base 4, what is -3001 + 3?
-2332
In base 4, what is 10 + -301?
-231
In base 15, what is b0 + 8?
b8
In base 3, what is 12 + -22?
-10
In base 3, what is 201221 - 11?
201210
In base 14, what is 2 + 32d?
331
In base 6, what is -113004 + 0?
-113004
In base 2, what is 10110000 - -11?
10110011
In base 10, what is 5 + 40?
45
In base 2, what is 101100101 + 100?
101101001
In base 16, what is 11 + 13?
24
In base 14, what is 5 - 15?
-10
In base 15, what is -4 + -433?
-437
In base 5, what is 41 + -23?
13
In base 6, what is -125 - -4?
-121
In base 6, what is -1525 - 55?
-2024
In base 11, what is 59 - 5?
54
In base 13, what is -5 - -136?
131
In base 7, what is -5 - 64?
-102
In base 8, what is 0 - 232?
-232
In base 15, what is -23 - 0?
-23
In base 10, what is -537 - 1?
-538
In base 9, what is -2472 + -1?
-2473
In base 5, what is 22 + 4043?
4120
In base 11, what is 18 + 5a?
77
In base 3, what is 1110 - 20?
1020
In base 8, what is -1 - 234?
-235
In base 12, what is 4 - 66?
-62
In base 15, what is 140 - 3?
13c
In base 16, what is -1 - -1eb?
1ea
In base 15, what is -191 - 6?
-197
In base 4, what is 11 - 331?
-320
In base 12, what is 37 + 7?
42
In base 5, what is 203 - 2?
201
In base 16, what is 4 - 12?
-e
In base 5, what is 44 + 2?
101
In base 12, what is a5 + -5?
a0
In base 2, what is -1 + 1001000010?
1001000001
In base 7, what is 1 - -35?
36
In base 8, what is -575 - 0?
-575
In base 16, what is 2ec - 4?
2e8
In base 15, what is -1 + ab?
aa
In base 10, what is 392 + 0?
392
In base 4, what is 2120 - 1012?
1102
In base 12, what is 28 + 8b?
b7
In base 9, what is 510 + 5?
515
In base 6, what is -23 - 0?
-23
In base 2, what is 100 + -10011001101?
-10011001001
In base 7, what is 53 - -5?
61
In base 9, what is 2 + 202?
204
In base 2, what is 10000000 + -11?
1111101
In base 11, what is -7 - 102?
-109
In base 2, what is -101 - 110000010?
-110000111
In base 3, what is 222 - 22?
200
In base 3, what is 110 - 100?
10
In base 14, what is -44 - -c6?
82
In base 12, what is -1 + -166?
-167
In base 12, what is 67 - -151?
1b8
In base 4, what is 2 - 201?
-133
In base 10, what is 126 + -2?
124
In base 13, what is -32 + -2a?
-5c
In base 15, what is -e6a - 2?
-e6c
In base 10, what is 5 + -39?
-34
In base 15, what is -1666 - 3?
-1669
In base 8, what is 11 - 47?
-36
In base 4, what is 103 - 202?
-33
In base 9, what is 233 + 11?
244
In base 15, what is -388 + -2?
-38a
In base 13, what is 17c3 + 1?
17c4
In base 13, what is -843 + 3?
-840
In base 6, what is -2 - 341?
-343
In base 5, what is -440 - -1?
-434
In base 12, what is -4 - 35?
-39
In base 3, what is -20 + -20?
-110
In base 7, what is 4 - 5660?
-5653
In base 15, what is -5 + b9?
b4
In base 4, what is 3 - 230?
-221
In base 9, what is -6416 - 6?
-6423
In base 16, what is 0 - -4?
4
In base 8, what is 1276 + -2?
1274
In base 3, what is -1021000 + 12?
-1020211
In base 2, what is -11 + -1011011101?
-1011100000
In base 11, what is 108 + a?
117
In base 13, what is 4 - a?
-6
In base 7, what is -41 - 3?
-44
In base 6, what is 102 - 41?
21
In base 16, what is -39 - 23?
-5c
In base 9, what is -5 + 113?
107
In base 2, what is -110 + -101011101?
-101100011
In base 8, what is 31 - 14?
15
In base 13, what is 35 + -9?
29
In base 13, what is 4 - 7?
-3
In base 4, what is 233010 - -1?
233011
In base 15, what is 1a - 3?
17
In base 13, what is 17a - 3?
177
In base 13, what is 488 + -15?
473
In base 10, what is 28 - 23?
5
In base 3, what is -10 + 201101?
201021
In base 3, what is -22122 + 0?
-22122
In base 2, what is -1 + -11011?
-11100
In base 6, what is 10 + 1023?
1033
In base 15, what is 1241 + -4?
123c
In base 2, what is -101 + 100010100?
100001111
In base 12, what is -5 + 121b?
1216
In base 11, what is 19 + -124?
-106
In base 4, what is -2 - -12001?
11333
In base 10, what is 10 - 110?
-100
In base 9, what is 40 + -1?
38
In base 8, what is -16 - 277?
-315
In base 7, what is -4 + 13364?
13360
In base 10, what is 10 + 2?
12
In base 10, what is 4 - -58?
62
In base 3, what is -1121011 - -20?
-1120221
In base 15, what is 2878 + 4?
287c
In base 12, what is -17 - 7?
-22
In base 12, what is -3 + -37?
-3a
In base 16, what is 31a - -4?
31e
In base 7, what is -3 - -2136?
2133
In base 2, what is -11 - 1100100?
-1100111
In base 16, what is -142 + -1?
-143
In base 3, what is 1002 + 1021?
2100
In base 6, what is 2114 + 1?
2115
In base 10, what is -4 + -415?
-419
In base 16, what is -46d - -c?
-461
In base 3, what is -110 - 122222?
-200102
In base 4, what is 10122 + -11?
10111
In base 13, what is -47 - 15?
-5c
In base 8, what is 33307 + 4?
33313
In base 11, what is -56 - 8?
-63
In base 6, what is -5 + -1220?
-1225
In base 2, what is -1001010 + -10?
-1001100
In base 11, what is 0 + 17?
17
In base 11, what is 26313 + -4?
2630a
In base 7, what is -233 + -4?
-240
In base 2, what is 1110100 + -11?
1110001
In base 14, what is ac3 + -2?
ac1
In base 15, what is -2 + e75?
e73
In base 16, what is 4f + 4?
53
In base 7, what is 22 + -164?
-142
In base 11, what is -3 + 684?
681
In base 8, what is 13 - 14?
-1
In base 8, what is 2 - -347?
351
In base 2, what is -110011 + -11?
-110110
In base 2, what is -10 - 10011010?
-10011100
In base 7, what is -40 + 34?
-3
In base 7, what is 3 - -11115?
11121
In base 7, what is 16 + -1141?
-1122
In base 9, what is -80 - 2?
-82
In base 16, what is -2f - 87?
-b6
In base 8, what is -3150 - -6?
-3142
In base 15, what is -9 - -97?
8d
In base 3, what is 1 - 202?
-201
In base 10, what is 3 - 966?
-963
In base 5, what is -32300 + 0?
-32300
In base 7, what is 1140 - -4?
1144
In base 7, what is 4 + -20266?
-20262
In base 5, what is 0 - 23?
-23
In base 12, what is 136 - 3?
133
In base 5, what is -334441 - 4?
-340000
In base 12, what is -13 - -123?
110
In base 8, what is -114 + -4?
-120
In base 9, what is -686 - -5?
-681
In base 2, what is -10 - -10111?
10101
In base 12, what is 4 - -31b?
323
In base 4, what is 131101 + 11?
131112
In base 7, what is 3 - 1540?
-1534
In base 4, what is -1223 + 3112?
1223
In base 3, what is 201100 + -12?
201011
In base 11, what is -19a4 - -4?
-19a0
In base 2, what is -1 + -100?
-101
In base 5, what is 10 - -3132?
3142
In base 9, what is 2 + -235?
-233
In base 16, what is -4 - -38?
34
In base 6, what is -10 - 1?
-11
In base 9, what is 1541 + 4?
1545
In base 3, what is -10 - -1012012?
1012002
In base 2, what is -1 + 1000001101?
1000001100
In base 16, what is -34 + 2?
-32
In base 5, what is 22 + -20?
2
In base 10, what is 256 + -20?
236
In base 10, what is -980 - 8?
-988
In base 14, what is a - 3?
7
In base 2, what is 1110110101 + -10?
1110110011
In base 11, what is -13 - -157?
144
In base 2, what is 11 - 1011110010?
-1011101111
In base 10, what is 9 + 47?
56
In base 16, what is 2 + -501?
-4ff
In base 2, what is -1001001111 - 11?
-1001010010
In base 14, what is 1 - 170?
-16d
In base 15, what is 2 + -d?
-b
In base 10, what is 12 + -3?
9
In base 10, what is 28 + -17?
11
In base 3, what is -1212 + -1012?
-10001
In base 16, what is f + 44?
53
In base 4, what is 202 + -11?
131
In base 16, what is -4 - -35?
31
In base 4, what is 31330 + 3?
31333
In base 8